31, 37
What are the prime factors of 29?
29
What are the prime factors of 8529?
3, 2843
What are the prime factors of 384?
2, 3
What are the prime factors of 5471?
5471
What are the prime factors of 1639?
11, 149
List the prime factors of 38964.
2, 3, 17, 191
List the prime factors of 399.
3, 7, 19
What are the prime factors of 739?
739
List the prime factors of 48491.
48491
List the prime factors of 77141.
77141
List the prime factors of 192.
2, 3
What are the prime factors of 23932?
2, 31, 193
What are the prime factors of 2404?
2, 601
List the prime factors of 10773.
3, 7, 19
List the prime factors of 1934.
2, 967
List the prime factors of 7458.
2, 3, 11, 113
What are the prime factors of 6805?
5, 1361
What are the prime factors of 1753?
1753
List the prime factors of 961.
31
List the prime factors of 633.
3, 211
What are the prime factors of 2004?
2, 3, 167
List the prime factors of 3150.
2, 3, 5, 7
What are the prime factors of 8955?
3, 5, 199
What are the prime factors of 11746?
2, 7, 839
List the prime factors of 117966.
2, 3, 19661
What are the prime factors of 24436?
2, 41, 149
What are the prime factors of 41738?
2, 41, 509
List the prime factors of 2685.
3, 5, 179
List the prime factors of 155.
5, 31
List the prime factors of 8572.
2, 2143
What are the prime factors of 14518?
2, 7, 17, 61
List the prime factors of 77675.
5, 13, 239
List the prime factors of 19016.
2, 2377
What are the prime factors of 3362?
2, 41
List the prime factors of 465.
3, 5, 31
List the prime factors of 97501.
97501
What are the prime factors of 24881?
139, 179
What are the prime factors of 3893?
17, 229
What are the prime factors of 4084?
2, 1021
What are the prime factors of 5250?
2, 3, 5, 7
List the prime factors of 30775.
5, 1231
What are the prime factors of 24871?
7, 11, 17, 19
What are the prime factors of 138309?
3, 46103
List the prime factors of 6305.
5, 13, 97
What are the prime factors of 542?
2, 271
What are the prime factors of 39130?
2, 5, 7, 13, 43
List the prime factors of 14039.
101, 139
What are the prime factors of 20798?
2, 10399
What are the prime factors of 1692?
2, 3, 47
What are the prime factors of 757?
757
List the prime factors of 9649.
9649
List the prime factors of 322.
2, 7, 23
What are the prime factors of 48033?
3, 593
What are the prime factors of 2717?
11, 13, 19
What are the prime factors of 5630?
2, 5, 563
What are the prime factors of 165?
3, 5, 11
List the prime factors of 25187.
89, 283
What are the prime factors of 12649?
7, 13, 139
List the prime factors of 58913.
58913
List the prime factors of 32687.
32687
What are the prime factors of 35456?
2, 277
What are the prime factors of 21770?
2, 5, 7, 311
What are the prime factors of 17223?
3, 5741
List the prime factors of 10247.
10247
What are the prime factors of 2460?
2, 3, 5, 41
What are the prime factors of 16174?
2, 8087
What are the prime factors of 2348?
2, 587
What are the prime factors of 841?
29
List the prime factors of 1238.
2, 619
What are the prime factors of 68?
2, 17
What are the prime factors of 2941?
17, 173
What are the prime factors of 48975?
3, 5, 653
What are the prime factors of 100860?
2, 3, 5, 41
What are the prime factors of 1519?
7, 31
What are the prime factors of 3080?
2, 5, 7, 11
What are the prime factors of 674?
2, 337
List the prime factors of 11099.
11, 1009
List the prime factors of 2969.
2969
List the prime factors of 703.
19, 37
What are the prime factors of 12431?
31, 401
List the prime factors of 939.
3, 313
List the prime factors of 3275.
5, 131
List the prime factors of 1239.
3, 7, 59
List the prime factors of 28965.
3, 5, 1931
List the prime factors of 704.
2, 11
What are the prime factors of 3332?
2, 7, 17
List the prime factors of 543.
3, 181
What are the prime factors of 12225?
3, 5, 163
What are the prime factors of 7390?
2, 5, 739
What are the prime factors of 16556?
2, 4139
What are the prime factors of 48407?
48407
List the prime factors of 11515.
5, 7, 47
What are the prime factors of 551?
19, 29
What are the prime factors of 81402?
2, 3, 13567
List the prime factors of 1897.
7, 271
What are the prime factors of 1584?
2, 3, 11
What are the prime factors of 473?
11, 43
What are the prime factors of 70556?
2, 31, 569
What are the prime factors of 132118?
2, 7, 9437
What are the prime factors of 49803?
3, 13, 1277
What are the prime factors of 3570?
2, 3, 5, 7, 17
What are the prime factors of 820?
2, 5, 41
What are the prime factors of 3708?
2, 3, 103
List the prime factors of 5198.
2, 23, 113
What are the prime factors of 132891?
3, 11, 4027
List the prime factors of 9790.
2, 5, 11, 89
List the prime factors of 29595.
3, 5, 1973
List the prime factors of 2947.
7, 421
List the prime factors of 32583.
3, 10861
What are the prime factors of 83?
83
List the prime factors of 1300.
2, 5, 13
What are the prime factors of 1473?
3, 491
What are the prime factors of 3106?
2, 1553
What are the prime factors of 40109?
19, 2111
What are the prime factors of 12612?
2, 3, 1051
List the prime factors of 1973.
1973
List the prime factors of 10250.
2, 5, 41
List the prime factors of 398.
2, 199
What are the prime factors of 2409?
3, 11, 73
List the prime factors of 4884.
2, 3, 11, 37
List the prime factors of 1960.
2, 5, 7
List the prime factors of 72558.
2, 3, 29, 139
List the prime factors of 84433.
23, 3671
What are the prime factors of 832?
2, 13
List the prime factors of 5384.
2, 673
What are the prime factors of 10412?
2, 19, 137
List the prime factors of 3796.
2, 13, 73
What are the prime factors of 93220?
2, 5, 59, 79
What are the prime factors of 1076?
2, 269
List the prime factors of 18023.
67, 269
List the prime factors of 547.
547
List the prime factors of 5996.
2, 1499
What are the prime factors of 6853?
7, 11, 89
List the prime factors of 612.
2, 3, 17
What are the prime factors of 2853?
3, 317
List the prime factors of 18957.
3, 71, 89
What are the prime factors of 2820?
2, 3, 5, 47
List the prime factors of 2129.
2129
List the prime factors of 865.
5, 173
List the prime factors of 8360.
2, 5, 11, 19
What are the prime factors of 488?
2, 61
What are the prime factors of 1214?
2, 607
List the prime factors of 509.
509
List the prime factors of 2697.
3, 29, 31
What are the prime factors of 9679?
9679
What are the prime factors of 1148?
2, 7, 41
What are the prime factors of 208?
2, 13
List the prime factors of 212054.
2, 229, 463
What are the prime factors of 28482?
2, 3, 47, 101
What are the prime factors of 11631?
3, 3877
What are the prime factors of 6286?
2, 7, 449
What are the prime factors of 1259?
1259
What are the prime factors of 864?
2, 3
List the prime factors of 24439.
24439
What are the prime factors of 143?
11, 13
List the prime factors of 96.
2, 3
List the prime factors of 44243.
151, 293
List the prime factors of 2343.
3, 11, 71
What are the prime factors of 1138?
2, 569
List the prime factors of 1337.
7, 191
What are the prime factors of 3294?
2, 3, 61
List the prime factors of 138398.
2, 13, 5323
List the prime factors of 119.
7, 17
List the prime factors of 484.
2, 11
List the prime factors of 1314.
2, 3, 73
List the prime factors of 2826.
2, 3, 157
List the prime factors of 74436.
2, 3, 6203
What are the prime factors of 19809?
3, 31, 71
What are the prime factors of 131392?
2, 2053
What are the prime factors of 17?
17
List the prime factors of 332.
2, 83
What are the prime factors of 14970?
2, 3, 5, 499
List the prime factors of 34976.
2, 1093
List the prime factors of 45178.
2, 7, 461
List the prime factors of 2050.
2, 5, 41
What are the prime factors of 9565?
5, 1913
List the prime factors of 20565.
3, 5, 457
What are the prime factors of 5932?
2, 1483
List the prime factors of 25825.
5, 1033
What are the prime factors of 182579?
182579
What are the prime factors of 1029?
3, 7
List the prime factors of 26640.
2, 3, 5, 37
List the prime factors of 22172.
2, 23, 241
What are the prime factors of 19372?
2, 29, 167
List the prime factors of 2315.
5, 463
What are the prime factors of 2800?
2, 5, 7
List the prime factors of 106581.
3, 35527
What are the prime factors of 4630?
2, 5, 463
List the prime factors of 1949.
1949
What are the prime factors of 21729?
3, 7243
What are the prime factors of 31817?
3